ber?
False
Suppose 3 = -6*x + 7*x. Suppose -n + 6528 = x*n. Is n/10 - 5/25 a prime number?
True
Let z(h) = 755*h + 48. Let b be z(8). Suppose -b = -4*r + f, f = -f + 8. Is r a prime number?
True
Let m = -125905 - -217944. Is m composite?
True
Suppose 0 = 50*m + 48*m - 109858. Is m a prime number?
False
Let f(t) = -673*t**2 + 35*t - 38. Let o(q) = 224*q**2 - 12*q + 13. Let d(j) = -6*f(j) - 17*o(j). Let x be d(3). Let n = -368 + x. Is n composite?
True
Let q(g) = 3*g**3 - 30*g**2 - 30*g + 466. Is q(49) prime?
True
Let h(s) = 798*s + 11. Let k(l) = l**2 - 3*l - 24. Let u be k(7). Is h(u) prime?
True
Let i(w) be the second derivative of 401*w**4/6 + w**3/6 + 2*w**2 - 14*w. Suppose -3*k = j + 9 - 0, 3*j = -3*k - 9. Is i(k) a prime number?
True
Let d = -932 + 6243. Is d a composite number?
True
Suppose -5*d - 13*d + 9*d + 2875221 = 0. Is d a prime number?
True
Let w(m) = 144*m**2 - 98*m - 391. Is w(-4) a composite number?
True
Suppose -3*i - 2*i + 15 = 0. Suppose -11*x = -10*x - i. Is (x - (-16 + 0))*1 prime?
True
Let r be ((-683)/4)/(6/(-264)). Suppose 0*x - x + r = 3*v, -2*v - 5*x = -5026. Is v a prime number?
True
Suppose -145*r + 6389291 = -38*r. Is r prime?
False
Let z be 26/(-91)*7 + 2933. Let d be 1689 - (-1)/(0 - -1). Let t = z - d. Is t a prime number?
False
Let l(j) = 3*j**2 - 2*j + 2. Let w be l(3). Suppose -w*i + 8*i = -28455. Is i a prime number?
False
Let n = 396 - 396. Suppose -5*c + 5 = 0, n*v - 3*v = -c - 19118. Is v composite?
False
Let m(x) = 62599*x**2 + 71*x + 137. Is m(-2) prime?
False
Suppose 99*n = -128*n + 1782631. Is n composite?
False
Suppose 0 = 30*h - 609037 + 92947. Is h prime?
True
Let q = -262 - -487. Let d = q + 82. Is d composite?
False
Let n = -21 + 26. Suppose n*x - 97 + 22 = 0. Is 156/10 + x/(-25) composite?
True
Let s(q) = -64*q**2 + 15*q + 143. Let l(i) = -i. Let f(n) = -l(n) - s(n). Is f(-9) prime?
True
Let k = 231074 - 63745. Is k prime?
True
Let a(c) = 14*c**3 - 5*c**2 + 2*c - 10. Let j be a(-6). Let w be -1 + j + 115/23. Let s = w + 6157. Is s a composite number?
True
Is 212773 + 14*(11 + 600/(-56)) composite?
False
Suppose -10*v = -266840 + 57110. Is v prime?
False
Let j = 64 + -65. Let a be ((12/4 + -2)*-4269)/j. Suppose 4*x = -3*z + 11875, 3*x - 13197 = 5*z - a. Is x composite?
False
Let n = 79 + -82. Let u be ((-1)/n)/1 + 8110/6. Suppose -2*o + 2*d + u = 0, -3*o + 1504 = -4*d - 527. Is o a prime number?
True
Is (41 - (26 + -5)) + 214863 prime?
True
Let u(f) = 4*f**2 - 64*f - 16. Let k be u(-28). Let w = k + -1351. Is w composite?
True
Suppose -k + 10053 = -3*y, 0 = 2*k + y - 8202 - 11897. Suppose -5*m - 5*p = -k, -3*m - 4*p + 2019 = -2*m. Suppose -2*q = -11*q + m. Is q prime?
True
Is (-423566)/(-7) + ((-12)/70)/(76/190) a prime number?
True
Suppose 36*d - 285632 - 132938 = 26*d. Is d prime?
False
Suppose -5*u - u + 186 = 0. Suppose 0 = -2*p - u - 51. Let z = 292 + p. Is z a composite number?
False
Let o = 182 + -180. Suppose -o*f = 4*s - 11514, 2325 + 549 = s - 4*f. Is s a composite number?
True
Let x = 165 - 154. Suppose x*i - 45835 + 14826 = 0. Is i a composite number?
False
Let t(h) = 21*h**2 + 15*h + 6. Let p be t(6). Suppose -2*z = 4*x - p, 2*z + 231 = x - 2*z. Is x a prime number?
False
Is 3025434/20 - -1 - (0 - 24/80) a prime number?
True
Suppose 3*q + 102 = q - 2*g, q - g + 49 = 0. Suppose -8*y + 18*y - 165020 = 0. Is (-40)/q + y/10 prime?
False
Let z(w) = -w**2 - 5*w + 11. Let t be z(-8). Let b = t - -16. Is (1754/(-4))/(b/(-6)) prime?
True
Let h(d) = -24420*d + 166. Is h(-21) prime?
False
Let a(b) = 29*b**2 - 26*b - 2. Let r be a(-6). Let y = r - 501. Is y prime?
False
Let m(s) = 90*s - 16. Let k be m(-13). Let a = 4087 + k. Is a a composite number?
True
Let w(u) = u**2 - 45. Let g be w(6). Let j(i) = -511*i + 86. Is j(g) a composite number?
True
Suppose -2*y - 121*t + 115*t + 1396972 = 0, 5*t + 3492570 = 5*y. Is y prime?
True
Suppose 3*t + 0*i - 1650 = -3*i, 4*i - 2748 = -5*t. Suppose 4*l - b + 651 = 2206, -b = 3*l - 1168. Let c = t - l. Is c composite?
True
Let f = 70 + -66. Suppose -f*o + 14 = z, 0 = -z + 2*o + 10 - 2. Suppose 0 = -3*u - 4*h + 189, 4*u - z = -4*h + 238. Is u composite?
False
Let l = 23654 - 5204. Let d = 30998 - l. Is (-15)/(-10)*d/6 composite?
False
Let d = 9420 + -2386. Is d a composite number?
True
Let s(k) = -2*k**3 - 8*k**2 + 11. Let h be s(-3). Is (-4)/8*(-1 + h) + 3859 a composite number?
False
Suppose 2330 = 2276*a - 2266*a. Is a prime?
True
Suppose -12*u = -2*u - 30. Is (4 - u)*-1 - (-2942 - -2) a prime number?
True
Suppose 15*y - 2*q = 13*y + 292242, -5*y = -3*q - 730597. Is y composite?
False
Suppose -5*m - 4 = -2*q, -3*m + 2*q = -0*q + 4. Suppose -2*r - a + 36 = -6*r, m = 2*r - 5*a. Is 744 - (0 - 1) - (r - -12) composite?
False
Let m be (-4)/(-10)*-607*-10. Let b = -1668 + m. Suppose 0 = -4*y + 5*z + 504 + 280, b = 4*y + z. Is y prime?
True
Let m = 60935 + 138734. Is m composite?
False
Let s(h) = 2*h**2 - 18*h - 17. Let z be s(10). Is 38*((-582)/(-4))/z a composite number?
True
Let c be 20/15 + (-44)/(-12). Suppose c = d - 4*o, -5*o + 7*o = 2*d - 10. Suppose -2315 = -h - 4*h + d*a, 0 = -4*a + 12. Is h composite?
True
Suppose 356*u - 722*u = -358*u - 7560184. Is u a composite number?
True
Let h = -1 - -1. Let o(g) = -22*g**2 - g. Let t(f) = -109*f**2 - 5*f - 587. Let i(c) = 5*o(c) - t(c). Is i(h) a prime number?
True
Let t be (39/(-9))/(-1 - (-2)/3). Suppose -t*a = -7*a - 13782. Let h = -660 + a. Is h prime?
True
Let i(d) = 0*d - 5*d - 7*d - 7*d**3 + 11 - 12*d**2. Is i(-8) a prime number?
False
Suppose -3*o = 4*k - 3*k - 21065, 28085 = 4*o + 3*k. Let p = o - 4794. Suppose 3*c = -3*g + 1332, p = 5*c + g - 4*g. Is c prime?
False
Let l be (6 + -14)/(-2) - -2. Let f(o) = 7 + 5*o**2 + 7*o - 2*o**2 + 0*o**2. Is f(l) a composite number?
False
Let z(a) = 6*a**3 + 82*a**2 + 41*a - 11. Is z(48) a composite number?
True
Let p(x) = 7*x**3 - 28*x**2 - 432*x + 153. Is p(50) composite?
False
Let v(s) = -3*s**3 - 201*s**2 - 148*s - 577. Is v(-93) prime?
True
Let o = 500 - 95. Let h = 983 - o. Suppose -h = 6*p - 4472. Is p a composite number?
True
Suppose 184*k - 6937648 = -135*k + 66188955. Is k composite?
False
Let n = -54 - -54. Let t be (3 - n)/((-4)/(-12)). Suppose 2*f + 2085 = 5*a, -t*f + 5*f + 1277 = 3*a. Is a composite?
False
Suppose -u = -4*s + 1716328, 2*s - 5*u + 233101 = 1091247. Is s prime?
True
Let j be ((-24)/40)/((-2)/91220). Suppose -3 = 3*n, 0 = -4*w + 4*n - 2*n + j. Suppose 4*r - 2034 = 3*o + w, -3*o + 9 = 0. Is r a composite number?
False
Let d be 105 - 5 - 2*-1. Let q = d - 87. Is (-1270)/(-2)*6/q a composite number?
True
Let d(o) = -51*o + 1. Let s be (-24)/(-1)*(1 + -2 + 0). Let a be d(s). Suppose 0*j - 1231 = -3*j + 5*k, -3*j + a = -2*k. Is j a prime number?
False
Let s(p) = -p**3 - 27*p**2 - 5*p + 87797. Is s(0) prime?
True
Let m = 6 + -1. Suppose m*h + 527 = 2*v - 3*v, -307 = 3*h - 4*v. Let t = h - -282. Is t composite?
True
Let r be -3 + 12/(-2 - -4). Suppose r*y = y + 8. Suppose -y*d + 216 + 100 = 0. Is d a prime number?
True
Let h = -8238 - -2347. Let u = 16738 + h. Is u a composite number?
False
Let x(c) = 156*c**2 + 2*c - 1. Is x(-11) a composite number?
True
Suppose -14*u - 48*u + 9082422 = -8*u. Is u a composite number?
False
Suppose -3622430 = 95*d - 165*d. Is d a composite number?
False
Let r = -7273 - -17709. Let k = r + -5175. Is k a composite number?
False
Let d = 93 + -90. Suppose -d*p = p. Suppose 2*k - l = -0*k + 74, p = -4*k + 4*l + 156. Is k a composite number?
True
Let w(y) = -81*y - 3. Let t be w(1). Let u = 94 + t. Suppose -u = -2*q + 7*q, 1920 = 5*o - 5*q. Is o a prime number?
False
Let s(t) = 180*t**2 + 10*t - 93. Let d be s(7). Suppose -j + r - 3*r + d = 0, 2*r = 4*j - 35218. Is j composite?
False
Suppose 211*a = 3150080 + 5375797. Is a a composite number?
True
Let m(n) be the first derivative of -n**4/4 + n**3/3 + 9*n**2/2 - 3*n + 10. Let i be m(-8). Suppose -5*h + i + 114 = 0. Is h a composite number?
True
Let v be (-6309)/(-17) - ((-198)/153)/(-11). Suppose 3*u - 2350 = v. Is u prime?
True
Suppose 0 = -1440*a + 1419*a + 998655. Is a prime?
False
Let y(m) = 5165*m**2 + 235*m - 1. Is y(7) a composite number?
False
Let j(r) = r**3 + 6*r**2 + 6*r + 10. Let d be j(-5). Suppose q - 620 = d*q. Let a = q + 314. Is a a composite num